{"id":77,"date":"2021-08-13T10:13:39","date_gmt":"2021-08-13T08:13:39","guid":{"rendered":"https:\/\/imsa68.com\/?page_id=77"},"modified":"2025-01-22T09:11:33","modified_gmt":"2025-01-22T08:11:33","slug":"irm","status":"publish","type":"page","link":"https:\/\/imsa68.com\/?page_id=77","title":{"rendered":"IRM"},"content":{"rendered":"\n<p>L&rsquo;imagerie par r\u00e9sonance magn\u00e9tique (ou IRM) est un examen bas\u00e9 sur l&rsquo;utilisation de champs \u00e9lectromagn\u00e9tiques. Il donne des images du corps en deux ou trois dimensions.<\/p>\n\n\n\n<figure class=\"wp-block-image size-full\"><img loading=\"lazy\" decoding=\"async\" width=\"407\" height=\"271\" src=\"http:\/\/imsa68.com\/wp-content\/uploads\/2022\/04\/irm.jpg\" alt=\"\" class=\"wp-image-151\" srcset=\"https:\/\/imsa68.com\/wp-content\/uploads\/2022\/04\/irm.jpg 407w, https:\/\/imsa68.com\/wp-content\/uploads\/2022\/04\/irm-300x200.jpg 300w\" sizes=\"auto, (max-width: 407px) 100vw, 407px\" \/><\/figure>\n\n\n\n<p>La prise de rendez-vous pour les IRM se fait au cabinet.<\/p>\n\n\n\n<p>Pour pr\u00e9parer cette prise de rendez-vous, vous pouvez d&rsquo;ores et d\u00e9j\u00e0 imprimer et remplir le formulaire suivant :<\/p>\n\n\n\n<figure class=\"wp-block-table is-style-stripes\"><table><tbody><tr><td><a href=\"http:\/\/imsa68.com\/wp-content\/uploads\/2025\/01\/IMSA68_Questionnaire_IRM.pdf\" target=\"_blank\" rel=\"noreferrer noopener\"><img loading=\"lazy\" decoding=\"async\" width=\"70\" height=\"70\" src=\"http:\/\/imsa68.com\/wp-content\/uploads\/2023\/09\/questionnaire01.png\" alt=\"\"><\/a><\/td><td><a href=\"http:\/\/imsa68.com\/wp-content\/uploads\/2025\/01\/IMSA68_Questionnaire_IRM.pdf\" target=\"_blank\" rel=\"noreferrer noopener nofollow\">Questionnaire_IRM PDF<\/a><\/td><\/tr><\/tbody><\/table><\/figure>\n\n\n\n<p>Ainsi que le protocole :<\/p>\n\n\n\n<figure class=\"wp-block-table is-style-stripes\"><table><tbody><tr><td><a href=\"http:\/\/imsa68.com\/wp-content\/uploads\/2025\/01\/IMSA_Protocole_IRM.pdf\" target=\"_blank\" rel=\"noreferrer noopener\"><img loading=\"lazy\" decoding=\"async\" width=\"70\" height=\"70\" src=\"http:\/\/imsa68.com\/wp-content\/uploads\/2023\/09\/questionnaire01.png\" alt=\"\"><\/a><\/td><td><a href=\"http:\/\/imsa68.com\/wp-content\/uploads\/2025\/01\/IMSA_Protocole_IRM.pdf\" target=\"_blank\" rel=\"noreferrer noopener nofollow\">Protocole_IRM PDF<\/a><\/td><\/tr><\/tbody><\/table><\/figure>\n\n\n\n<p><\/p>\n","protected":false},"excerpt":{"rendered":"<p>L&rsquo;imagerie par r\u00e9sonance magn\u00e9tique (ou IRM) est un examen bas\u00e9 sur l&rsquo;utilisation de champs \u00e9lectromagn\u00e9tiques. Il donne des images du corps en deux ou trois dimensions. La prise de rendez-vous pour les IRM se fait au cabinet. Pour pr\u00e9parer cette prise de rendez-vous, vous pouvez d&rsquo;ores et d\u00e9j\u00e0 imprimer et remplir le formulaire suivant : [&hellip;]<\/p>\n","protected":false},"author":1,"featured_media":0,"parent":0,"menu_order":0,"comment_status":"closed","ping_status":"closed","template":"","meta":{"footnotes":""},"class_list":["post-77","page","type-page","status-publish","hentry"],"yoast_head":"<!-- This site is optimized with the Yoast SEO plugin v27.4 - https:\/\/yoast.com\/product\/yoast-seo-wordpress\/ -->\n<title>IRM - Imagerie M\u00e9dicale Sud Alsace 68 Cernay-Issenheim<\/title>\n<meta name=\"robots\" content=\"index, follow, max-snippet:-1, max-image-preview:large, max-video-preview:-1\" \/>\n<link rel=\"canonical\" href=\"https:\/\/imsa68.com\/?page_id=77\" \/>\n<meta property=\"og:locale\" content=\"fr_FR\" \/>\n<meta property=\"og:type\" content=\"article\" \/>\n<meta property=\"og:title\" content=\"IRM - Imagerie M\u00e9dicale Sud Alsace 68 Cernay-Issenheim\" \/>\n<meta property=\"og:description\" content=\"L&rsquo;imagerie par r\u00e9sonance magn\u00e9tique (ou IRM) est un examen bas\u00e9 sur l&rsquo;utilisation de champs \u00e9lectromagn\u00e9tiques. Il donne des images du corps en deux ou trois dimensions. La prise de rendez-vous pour les IRM se fait au cabinet. Pour pr\u00e9parer cette prise de rendez-vous, vous pouvez d&rsquo;ores et d\u00e9j\u00e0 imprimer et remplir le formulaire suivant : [&hellip;]\" \/>\n<meta property=\"og:url\" content=\"https:\/\/imsa68.com\/?page_id=77\" \/>\n<meta property=\"og:site_name\" content=\"Imagerie M\u00e9dicale Sud Alsace 68 Cernay-Issenheim\" \/>\n<meta property=\"article:modified_time\" content=\"2025-01-22T08:11:33+00:00\" \/>\n<meta property=\"og:image\" content=\"http:\/\/imsa68.com\/wp-content\/uploads\/2022\/04\/irm.jpg\" \/>\n<meta name=\"twitter:card\" content=\"summary_large_image\" \/>\n<meta name=\"twitter:label1\" content=\"Dur\u00e9e de lecture estim\u00e9e\" \/>\n\t<meta name=\"twitter:data1\" content=\"1 minute\" \/>\n<script type=\"application\/ld+json\" class=\"yoast-schema-graph\">{\"@context\":\"https:\\\/\\\/schema.org\",\"@graph\":[{\"@type\":\"WebPage\",\"@id\":\"https:\\\/\\\/imsa68.com\\\/?page_id=77\",\"url\":\"https:\\\/\\\/imsa68.com\\\/?page_id=77\",\"name\":\"IRM - Imagerie M\u00e9dicale Sud Alsace 68 Cernay-Issenheim\",\"isPartOf\":{\"@id\":\"https:\\\/\\\/imsa68.com\\\/#website\"},\"primaryImageOfPage\":{\"@id\":\"https:\\\/\\\/imsa68.com\\\/?page_id=77#primaryimage\"},\"image\":{\"@id\":\"https:\\\/\\\/imsa68.com\\\/?page_id=77#primaryimage\"},\"thumbnailUrl\":\"http:\\\/\\\/imsa68.com\\\/wp-content\\\/uploads\\\/2022\\\/04\\\/irm.jpg\",\"datePublished\":\"2021-08-13T08:13:39+00:00\",\"dateModified\":\"2025-01-22T08:11:33+00:00\",\"breadcrumb\":{\"@id\":\"https:\\\/\\\/imsa68.com\\\/?page_id=77#breadcrumb\"},\"inLanguage\":\"fr-FR\",\"potentialAction\":[{\"@type\":\"ReadAction\",\"target\":[\"https:\\\/\\\/imsa68.com\\\/?page_id=77\"]}]},{\"@type\":\"ImageObject\",\"inLanguage\":\"fr-FR\",\"@id\":\"https:\\\/\\\/imsa68.com\\\/?page_id=77#primaryimage\",\"url\":\"https:\\\/\\\/imsa68.com\\\/wp-content\\\/uploads\\\/2022\\\/04\\\/irm.jpg\",\"contentUrl\":\"https:\\\/\\\/imsa68.com\\\/wp-content\\\/uploads\\\/2022\\\/04\\\/irm.jpg\",\"width\":407,\"height\":271},{\"@type\":\"BreadcrumbList\",\"@id\":\"https:\\\/\\\/imsa68.com\\\/?page_id=77#breadcrumb\",\"itemListElement\":[{\"@type\":\"ListItem\",\"position\":1,\"name\":\"Accueil\",\"item\":\"https:\\\/\\\/imsa68.com\\\/\"},{\"@type\":\"ListItem\",\"position\":2,\"name\":\"IRM\"}]},{\"@type\":\"WebSite\",\"@id\":\"https:\\\/\\\/imsa68.com\\\/#website\",\"url\":\"https:\\\/\\\/imsa68.com\\\/\",\"name\":\"Imagerie M\u00e9dicale Sud Alsace 68 Cernay-Issenheim\",\"description\":\"Radiologie Cernay Issenheim, Haut-Rhin\",\"potentialAction\":[{\"@type\":\"SearchAction\",\"target\":{\"@type\":\"EntryPoint\",\"urlTemplate\":\"https:\\\/\\\/imsa68.com\\\/?s={search_term_string}\"},\"query-input\":{\"@type\":\"PropertyValueSpecification\",\"valueRequired\":true,\"valueName\":\"search_term_string\"}}],\"inLanguage\":\"fr-FR\"}]}<\/script>\n<!-- \/ Yoast SEO plugin. -->","yoast_head_json":{"title":"IRM - Imagerie M\u00e9dicale Sud Alsace 68 Cernay-Issenheim","robots":{"index":"index","follow":"follow","max-snippet":"max-snippet:-1","max-image-preview":"max-image-preview:large","max-video-preview":"max-video-preview:-1"},"canonical":"https:\/\/imsa68.com\/?page_id=77","og_locale":"fr_FR","og_type":"article","og_title":"IRM - Imagerie M\u00e9dicale Sud Alsace 68 Cernay-Issenheim","og_description":"L&rsquo;imagerie par r\u00e9sonance magn\u00e9tique (ou IRM) est un examen bas\u00e9 sur l&rsquo;utilisation de champs \u00e9lectromagn\u00e9tiques. Il donne des images du corps en deux ou trois dimensions. La prise de rendez-vous pour les IRM se fait au cabinet. Pour pr\u00e9parer cette prise de rendez-vous, vous pouvez d&rsquo;ores et d\u00e9j\u00e0 imprimer et remplir le formulaire suivant : [&hellip;]","og_url":"https:\/\/imsa68.com\/?page_id=77","og_site_name":"Imagerie M\u00e9dicale Sud Alsace 68 Cernay-Issenheim","article_modified_time":"2025-01-22T08:11:33+00:00","og_image":[{"url":"http:\/\/imsa68.com\/wp-content\/uploads\/2022\/04\/irm.jpg","type":"","width":"","height":""}],"twitter_card":"summary_large_image","twitter_misc":{"Dur\u00e9e de lecture estim\u00e9e":"1 minute"},"schema":{"@context":"https:\/\/schema.org","@graph":[{"@type":"WebPage","@id":"https:\/\/imsa68.com\/?page_id=77","url":"https:\/\/imsa68.com\/?page_id=77","name":"IRM - Imagerie M\u00e9dicale Sud Alsace 68 Cernay-Issenheim","isPartOf":{"@id":"https:\/\/imsa68.com\/#website"},"primaryImageOfPage":{"@id":"https:\/\/imsa68.com\/?page_id=77#primaryimage"},"image":{"@id":"https:\/\/imsa68.com\/?page_id=77#primaryimage"},"thumbnailUrl":"http:\/\/imsa68.com\/wp-content\/uploads\/2022\/04\/irm.jpg","datePublished":"2021-08-13T08:13:39+00:00","dateModified":"2025-01-22T08:11:33+00:00","breadcrumb":{"@id":"https:\/\/imsa68.com\/?page_id=77#breadcrumb"},"inLanguage":"fr-FR","potentialAction":[{"@type":"ReadAction","target":["https:\/\/imsa68.com\/?page_id=77"]}]},{"@type":"ImageObject","inLanguage":"fr-FR","@id":"https:\/\/imsa68.com\/?page_id=77#primaryimage","url":"https:\/\/imsa68.com\/wp-content\/uploads\/2022\/04\/irm.jpg","contentUrl":"https:\/\/imsa68.com\/wp-content\/uploads\/2022\/04\/irm.jpg","width":407,"height":271},{"@type":"BreadcrumbList","@id":"https:\/\/imsa68.com\/?page_id=77#breadcrumb","itemListElement":[{"@type":"ListItem","position":1,"name":"Accueil","item":"https:\/\/imsa68.com\/"},{"@type":"ListItem","position":2,"name":"IRM"}]},{"@type":"WebSite","@id":"https:\/\/imsa68.com\/#website","url":"https:\/\/imsa68.com\/","name":"Imagerie M\u00e9dicale Sud Alsace 68 Cernay-Issenheim","description":"Radiologie Cernay Issenheim, Haut-Rhin","potentialAction":[{"@type":"SearchAction","target":{"@type":"EntryPoint","urlTemplate":"https:\/\/imsa68.com\/?s={search_term_string}"},"query-input":{"@type":"PropertyValueSpecification","valueRequired":true,"valueName":"search_term_string"}}],"inLanguage":"fr-FR"}]}},"_links":{"self":[{"href":"https:\/\/imsa68.com\/index.php?rest_route=\/wp\/v2\/pages\/77","targetHints":{"allow":["GET"]}}],"collection":[{"href":"https:\/\/imsa68.com\/index.php?rest_route=\/wp\/v2\/pages"}],"about":[{"href":"https:\/\/imsa68.com\/index.php?rest_route=\/wp\/v2\/types\/page"}],"author":[{"embeddable":true,"href":"https:\/\/imsa68.com\/index.php?rest_route=\/wp\/v2\/users\/1"}],"replies":[{"embeddable":true,"href":"https:\/\/imsa68.com\/index.php?rest_route=%2Fwp%2Fv2%2Fcomments&post=77"}],"version-history":[{"count":15,"href":"https:\/\/imsa68.com\/index.php?rest_route=\/wp\/v2\/pages\/77\/revisions"}],"predecessor-version":[{"id":299,"href":"https:\/\/imsa68.com\/index.php?rest_route=\/wp\/v2\/pages\/77\/revisions\/299"}],"wp:attachment":[{"href":"https:\/\/imsa68.com\/index.php?rest_route=%2Fwp%2Fv2%2Fmedia&parent=77"}],"curies":[{"name":"wp","href":"https:\/\/api.w.org\/{rel}","templated":true}]}}